{"id":464,"date":"2021-01-31T15:31:37","date_gmt":"2021-01-31T15:31:37","guid":{"rendered":"https:\/\/resultservice.fi\/?page_id=464"},"modified":"2021-01-31T15:36:35","modified_gmt":"2021-01-31T15:36:35","slug":"testi","status":"publish","type":"page","link":"https:\/\/resultservice.fi\/index.php\/testi\/","title":{"rendered":"2020"},"content":{"rendered":"[et_pb_section fb_built=&#8221;1&#8243; admin_label=&#8221;section&#8221; _builder_version=&#8221;3.22&#8243;][et_pb_row admin_label=&#8221;row&#8221; _builder_version=&#8221;3.25&#8243; background_size=&#8221;initial&#8221; background_position=&#8221;top_left&#8221; background_repeat=&#8221;repeat&#8221;][et_pb_column type=&#8221;4_4&#8243; _builder_version=&#8221;3.25&#8243; custom_padding=&#8221;|||&#8221; custom_padding__hover=&#8221;|||&#8221;][et_pb_text admin_label=&#8221;Text&#8221; _builder_version=&#8221;4.8.2&#8243; background_size=&#8221;initial&#8221; background_position=&#8221;top_left&#8221; background_repeat=&#8221;repeat&#8221; hover_enabled=&#8221;0&#8243; sticky_enabled=&#8221;0&#8243;]\n<table id=\"tablepress-4\" class=\"tablepress tablepress-id-4\">\n<thead>\n<tr class=\"row-1\">\n\t<th class=\"column-1\">Aika<\/th><th class=\"column-2\">Tapahtuma<\/th><th class=\"column-3\">Tulokset<\/th><th class=\"column-4\">Kotisivu<\/th>\n<\/tr>\n<\/thead>\n<tbody class=\"row-striping row-hover\">\n<tr class=\"row-2\">\n\t<td class=\"column-1\">31.1-1.2.<\/td><td class=\"column-2\">24h hiihto Vierum\u00e4ki<\/td><td class=\"column-3\">Tulokset <\/td><td class=\"column-4\">Peruttu, ei lunta<\/td>\n<\/tr>\n<tr class=\"row-3\">\n\t<td class=\"column-1\">15.2<\/td><td class=\"column-2\">Savonia hiihto<\/td><td class=\"column-3\">Tulokset<\/td><td class=\"column-4\">Peruttu, ei lunta<\/td>\n<\/tr>\n<tr class=\"row-4\">\n\t<td class=\"column-1\">1.3<\/td><td class=\"column-2\">Pirkan Hiihto<\/td><td class=\"column-3\">Tulokset<\/td><td class=\"column-4\">Peruttu, ei lunta<\/td>\n<\/tr>\n<tr class=\"row-5\">\n\t<td class=\"column-1\">6-7.3<\/td><td class=\"column-2\">24h hiihto Anjala<\/td><td class=\"column-3\">Tulokset<\/td><td class=\"column-4\">Peruttu, ei lunta<\/td>\n<\/tr>\n<tr class=\"row-6\">\n\t<td class=\"column-1\">22.3<\/td><td class=\"column-2\">S\u00f6derkullan parisprintti<\/td><td class=\"column-3\">Tulokset<\/td><td class=\"column-4\">Peruttu, ei lunta<\/td>\n<\/tr>\n<tr class=\"row-7\">\n\t<td class=\"column-1\">14.4-18.4<\/td><td class=\"column-2\">Lapponia-hiihto (Hetta-Pallas-Olos)<\/td><td class=\"column-3\">Tulokset<\/td><td class=\"column-4\">Peruttu, korona<\/td>\n<\/tr>\n<tr class=\"row-8\">\n\t<td class=\"column-1\">6.6.<\/td><td class=\"column-2\">Savonlinna City Run<\/td><td class=\"column-3\">Siirretty vuodella<\/td><td class=\"column-4\"><a href=\"https:\/\/savonlinnacityrun.fi\/\" rel=\"noopener noreferrer\" target=\"_blank\">Kotisivu<\/a><\/td>\n<\/tr>\n<tr class=\"row-9\">\n\t<td class=\"column-1\">10.7.<\/td><td class=\"column-2\">Keuruun y\u00f6maraton<\/td><td class=\"column-3\"><a href=\"http:\/\/resultservice.fi\/2020\/keuruu\/\" rel=\"noopener noreferrer\" target=\"_blank\">Tulokset<\/a><\/td><td class=\"column-4\"><a href=\"https:\/\/www.keuruunkisailijat.fi\/hiihto\/keuruun-yomaraton\/\" rel=\"noopener noreferrer\" target=\"_blank\">Kotisivu<\/a><\/td>\n<\/tr>\n<tr class=\"row-10\">\n\t<td class=\"column-1\">11.7.<\/td><td class=\"column-2\">Mikkeli Juoksu<\/td><td class=\"column-3\">Siirretty 19.9<\/td><td class=\"column-4\"><a href=\"https:\/\/www.mikkelinklassikot.fi\/mikkeli-juoksu\/\" rel=\"noopener noreferrer\" target=\"_blank\">Kotisivu<\/a><\/td>\n<\/tr>\n<tr class=\"row-11\">\n\t<td class=\"column-1\">23.7.<\/td><td class=\"column-2\">Merip\u00e4iv\u00e4juoksu<\/td><td class=\"column-3\">Siirretty 29.7.-21<\/td><td class=\"column-4\"><a href=\"http:\/\/www.meripaivajuoksu.fi\/\" rel=\"noopener noreferrer\" target=\"_blank\">Kotisivu<\/a><\/td>\n<\/tr>\n<tr class=\"row-12\">\n\t<td class=\"column-1\">26.7.<\/td><td class=\"column-2\">Str\u00f6mman Triathlon<\/td><td class=\"column-3\">Tulokset<\/td><td class=\"column-4\"><a href=\"https:\/\/stromforsoutdoor.com\/products\/stromman-triathlon\" rel=\"noopener noreferrer\" target=\"_blank\">Kotisivu<\/a><\/td>\n<\/tr>\n<tr class=\"row-13\">\n\t<td class=\"column-1\">22.8.<\/td><td class=\"column-2\">11. Heinolan kaupunkipuistojuoksu<\/td><td class=\"column-3\"><a href=\"http:\/\/resultservice.fi\/tulos\/sivusto\/2020\/heinola\/\" rel=\"noopener noreferrer\" target=\"_blank\">Tulokset<\/a><\/td><td class=\"column-4\"><a href=\"https:\/\/heinolanisku.sporttisaitti.com\/heinolan-kaupunkipuistojuoksu\/\" rel=\"noopener noreferrer\" target=\"_blank\">Kotisivu<\/a><\/td>\n<\/tr>\n<tr class=\"row-14\">\n\t<td class=\"column-1\">23.8.<\/td><td class=\"column-2\">Duathlon Pajulahti<\/td><td class=\"column-3\">Siirretty vuodella<\/td><td class=\"column-4\"><a href=\"https:\/\/www.valtteribottasduathlon.com\/\" rel=\"noopener noreferrer\" target=\"_blank\">Kotsivu<\/a><\/td>\n<\/tr>\n<tr class=\"row-15\">\n\t<td class=\"column-1\">30.8.<\/td><td class=\"column-2\">41. L\u00e4nsiv\u00e4yl\u00e4juoksu<\/td><td class=\"column-3\"><a href=\"http:\/\/www.resultservice.fi\/2020\/lanskari\/\" rel=\"noopener noreferrer\" target=\"_blank\">Tulokset<\/a><\/td><td class=\"column-4\"><a href=\"https:\/\/www.lansivaylajuoksu.fi\/\" rel=\"noopener noreferrer\" target=\"_blank\">Kotisivu<\/a><\/td>\n<\/tr>\n<tr class=\"row-16\">\n\t<td class=\"column-1\">5.9.<\/td><td class=\"column-2\">10. Luonteri py\u00f6r\u00e4ily<\/td><td class=\"column-3\"><a href=\"http:\/\/resultservice.fi\/tulos\/sivusto\/2020\/luonteri\/\" rel=\"noopener noreferrer\" target=\"_blank\">Tulokset<\/a><\/td><td class=\"column-4\"><a href=\"https:\/\/www.mikkelinklassikot.fi\/luonteri-pyoraily\/\" rel=\"noopener noreferrer\" target=\"_blank\">Kotisivu<\/a><\/td>\n<\/tr>\n<tr class=\"row-17\">\n\t<td class=\"column-1\">12.9.<\/td><td class=\"column-2\">Sherwood Run Kerava<\/td><td class=\"column-3\">Siirretty 24.4.2021<\/td><td class=\"column-4\"><a href=\"https:\/\/keravanurheilijat.fi\/sherwood-run\/\" rel=\"noopener noreferrer\" target=\"_blank\">Kotisivu<\/a><\/td>\n<\/tr>\n<tr class=\"row-18\">\n\t<td class=\"column-1\">13.9<\/td><td class=\"column-2\">Lassen H\u00f6lkk\u00e4<\/td><td class=\"column-3\"><a href=\"http:\/\/resultservice.fi\/2020\/lassen\/\" rel=\"noopener noreferrer\" target=\"_blank\">Tulokset<\/a><\/td><td class=\"column-4\"><a href=\"http:\/\/www.myrskylanmyrsky.fi\/uncategorized\/lassen-holkka-2020\/\" rel=\"noopener noreferrer\" target=\"_blank\">Kotisivu<\/a><\/td>\n<\/tr>\n<tr class=\"row-19\">\n\t<td class=\"column-1\">19.9.<\/td><td class=\"column-2\">Mikkeli Juoksu<\/td><td class=\"column-3\">Siirretty 3.7.2021<\/td><td class=\"column-4\"><a href=\"https:\/\/www.mikkelinklassikot.fi\/mikkelijuoksu\/\" rel=\"noopener noreferrer\" target=\"_blank\">Kotisivu<\/a><\/td>\n<\/tr>\n<tr class=\"row-20\">\n\t<td class=\"column-1\">26.9.<\/td><td class=\"column-2\">29. Terwamaraton<\/td><td class=\"column-3\"><a href=\"http:\/\/www.resultservice.fi\/2020\/oulu\/\" rel=\"noopener noreferrer\" target=\"_blank\">Tulokset<\/a><\/td><td class=\"column-4\"><a href=\"http:\/\/www.terwamaraton.fi\/\" rel=\"noopener noreferrer\" target=\"_blank\">Kotisivu<\/a><\/td>\n<\/tr>\n<tr class=\"row-21\">\n\t<td class=\"column-1\">3.10.<\/td><td class=\"column-2\">It\u00e4meri maraton, Hanko<\/td><td class=\"column-3\">Siirretty vuodella<\/td><td class=\"column-4\"><a href=\"http:\/\/itamerimaraton.com\/fi\/etusivu\" rel=\"noopener noreferrer\" target=\"_blank\">Kotisivu<\/a><\/td>\n<\/tr>\n<tr class=\"row-22\">\n\t<td class=\"column-1\">10.10.<\/td><td class=\"column-2\">Vantaan maraton<\/td><td class=\"column-3\"><a href=\"http:\/\/resultservice.fi\/2020\/vantaa\/\" rel=\"noopener noreferrer\" target=\"_blank\">Tulokset<\/a><\/td><td class=\"column-4\"><a href=\"http:\/\/www.vantaanmaraton.fi\/\" rel=\"noopener noreferrer\" target=\"_blank\">Kotisivu<\/a><\/td>\n<\/tr>\n<tr class=\"row-23\">\n\t<td class=\"column-1\">01.11.<\/td><td class=\"column-2\">Tuusula Trail Run<\/td><td class=\"column-3\"><a href=\"http:\/\/resultservice.fi\/tulos\/sivusto\/2020\/tuusula\/\" rel=\"noopener noreferrer\" target=\"_blank\">Tulokset<\/a><\/td><td class=\"column-4\"><a href=\"https:\/\/www.tvv.fi\/uutiset\/tuusula-trail-run\/\" rel=\"noopener noreferrer\" target=\"_blank\">Kotisivu<\/a><\/td>\n<\/tr>\n<\/tbody>\n<\/table>\n<!-- #tablepress-4 from cache -->\n<p><\/p>[\/et_pb_text][\/et_pb_column][\/et_pb_row][\/et_pb_section]","protected":false},"excerpt":{"rendered":"\n<table id=\"tablepress-4-no-2\" class=\"tablepress tablepress-id-4\">\n<thead>\n<tr class=\"row-1\">\n\t<th class=\"column-1\">Aika<\/th><th class=\"column-2\">Tapahtuma<\/th><th class=\"column-3\">Tulokset<\/th><th class=\"column-4\">Kotisivu<\/th>\n<\/tr>\n<\/thead>\n<tbody class=\"row-striping row-hover\">\n<tr class=\"row-2\">\n\t<td class=\"column-1\">31.1-1.2.<\/td><td class=\"column-2\">24h hiihto Vierum\u00e4ki<\/td><td class=\"column-3\">Tulokset <\/td><td class=\"column-4\">Peruttu, ei lunta<\/td>\n<\/tr>\n<tr class=\"row-3\">\n\t<td class=\"column-1\">15.2<\/td><td class=\"column-2\">Savonia hiihto<\/td><td class=\"column-3\">Tulokset<\/td><td class=\"column-4\">Peruttu, ei lunta<\/td>\n<\/tr>\n<tr class=\"row-4\">\n\t<td class=\"column-1\">1.3<\/td><td class=\"column-2\">Pirkan Hiihto<\/td><td class=\"column-3\">Tulokset<\/td><td class=\"column-4\">Peruttu, ei lunta<\/td>\n<\/tr>\n<tr class=\"row-5\">\n\t<td class=\"column-1\">6-7.3<\/td><td class=\"column-2\">24h hiihto Anjala<\/td><td class=\"column-3\">Tulokset<\/td><td class=\"column-4\">Peruttu, ei lunta<\/td>\n<\/tr>\n<tr class=\"row-6\">\n\t<td class=\"column-1\">22.3<\/td><td class=\"column-2\">S\u00f6derkullan parisprintti<\/td><td class=\"column-3\">Tulokset<\/td><td class=\"column-4\">Peruttu, ei lunta<\/td>\n<\/tr>\n<tr class=\"row-7\">\n\t<td class=\"column-1\">14.4-18.4<\/td><td class=\"column-2\">Lapponia-hiihto (Hetta-Pallas-Olos)<\/td><td class=\"column-3\">Tulokset<\/td><td class=\"column-4\">Peruttu, korona<\/td>\n<\/tr>\n<tr class=\"row-8\">\n\t<td class=\"column-1\">6.6.<\/td><td class=\"column-2\">Savonlinna City Run<\/td><td class=\"column-3\">Siirretty vuodella<\/td><td class=\"column-4\"><a href=\"https:\/\/savonlinnacityrun.fi\/\" rel=\"noopener noreferrer\" target=\"_blank\">Kotisivu<\/a><\/td>\n<\/tr>\n<tr class=\"row-9\">\n\t<td class=\"column-1\">10.7.<\/td><td class=\"column-2\">Keuruun y\u00f6maraton<\/td><td class=\"column-3\"><a href=\"http:\/\/resultservice.fi\/2020\/keuruu\/\" rel=\"noopener noreferrer\" target=\"_blank\">Tulokset<\/a><\/td><td class=\"column-4\"><a href=\"https:\/\/www.keuruunkisailijat.fi\/hiihto\/keuruun-yomaraton\/\" rel=\"noopener noreferrer\" target=\"_blank\">Kotisivu<\/a><\/td>\n<\/tr>\n<tr class=\"row-10\">\n\t<td class=\"column-1\">11.7.<\/td><td class=\"column-2\">Mikkeli Juoksu<\/td><td class=\"column-3\">Siirretty 19.9<\/td><td class=\"column-4\"><a href=\"https:\/\/www.mikkelinklassikot.fi\/mikkeli-juoksu\/\" rel=\"noopener noreferrer\" target=\"_blank\">Kotisivu<\/a><\/td>\n<\/tr>\n<tr class=\"row-11\">\n\t<td class=\"column-1\">23.7.<\/td><td class=\"column-2\">Merip\u00e4iv\u00e4juoksu<\/td><td class=\"column-3\">Siirretty 29.7.-21<\/td><td class=\"column-4\"><a href=\"http:\/\/www.meripaivajuoksu.fi\/\" rel=\"noopener noreferrer\" target=\"_blank\">Kotisivu<\/a><\/td>\n<\/tr>\n<tr class=\"row-12\">\n\t<td class=\"column-1\">26.7.<\/td><td class=\"column-2\">Str\u00f6mman Triathlon<\/td><td class=\"column-3\">Tulokset<\/td><td class=\"column-4\"><a href=\"https:\/\/stromforsoutdoor.com\/products\/stromman-triathlon\" rel=\"noopener noreferrer\" target=\"_blank\">Kotisivu<\/a><\/td>\n<\/tr>\n<tr class=\"row-13\">\n\t<td class=\"column-1\">22.8.<\/td><td class=\"column-2\">11. Heinolan kaupunkipuistojuoksu<\/td><td class=\"column-3\"><a href=\"http:\/\/resultservice.fi\/tulos\/sivusto\/2020\/heinola\/\" rel=\"noopener noreferrer\" target=\"_blank\">Tulokset<\/a><\/td><td class=\"column-4\"><a href=\"https:\/\/heinolanisku.sporttisaitti.com\/heinolan-kaupunkipuistojuoksu\/\" rel=\"noopener noreferrer\" target=\"_blank\">Kotisivu<\/a><\/td>\n<\/tr>\n<tr class=\"row-14\">\n\t<td class=\"column-1\">23.8.<\/td><td class=\"column-2\">Duathlon Pajulahti<\/td><td class=\"column-3\">Siirretty vuodella<\/td><td class=\"column-4\"><a href=\"https:\/\/www.valtteribottasduathlon.com\/\" rel=\"noopener noreferrer\" target=\"_blank\">Kotsivu<\/a><\/td>\n<\/tr>\n<tr class=\"row-15\">\n\t<td class=\"column-1\">30.8.<\/td><td class=\"column-2\">41. L\u00e4nsiv\u00e4yl\u00e4juoksu<\/td><td class=\"column-3\"><a href=\"http:\/\/www.resultservice.fi\/2020\/lanskari\/\" rel=\"noopener noreferrer\" target=\"_blank\">Tulokset<\/a><\/td><td class=\"column-4\"><a href=\"https:\/\/www.lansivaylajuoksu.fi\/\" rel=\"noopener noreferrer\" target=\"_blank\">Kotisivu<\/a><\/td>\n<\/tr>\n<tr class=\"row-16\">\n\t<td class=\"column-1\">5.9.<\/td><td class=\"column-2\">10. Luonteri py\u00f6r\u00e4ily<\/td><td class=\"column-3\"><a href=\"http:\/\/resultservice.fi\/tulos\/sivusto\/2020\/luonteri\/\" rel=\"noopener noreferrer\" target=\"_blank\">Tulokset<\/a><\/td><td class=\"column-4\"><a href=\"https:\/\/www.mikkelinklassikot.fi\/luonteri-pyoraily\/\" rel=\"noopener noreferrer\" target=\"_blank\">Kotisivu<\/a><\/td>\n<\/tr>\n<tr class=\"row-17\">\n\t<td class=\"column-1\">12.9.<\/td><td class=\"column-2\">Sherwood Run Kerava<\/td><td class=\"column-3\">Siirretty 24.4.2021<\/td><td class=\"column-4\"><a href=\"https:\/\/keravanurheilijat.fi\/sherwood-run\/\" rel=\"noopener noreferrer\" target=\"_blank\">Kotisivu<\/a><\/td>\n<\/tr>\n<tr class=\"row-18\">\n\t<td class=\"column-1\">13.9<\/td><td class=\"column-2\">Lassen H\u00f6lkk\u00e4<\/td><td class=\"column-3\"><a href=\"http:\/\/resultservice.fi\/2020\/lassen\/\" rel=\"noopener noreferrer\" target=\"_blank\">Tulokset<\/a><\/td><td class=\"column-4\"><a href=\"http:\/\/www.myrskylanmyrsky.fi\/uncategorized\/lassen-holkka-2020\/\" rel=\"noopener noreferrer\" target=\"_blank\">Kotisivu<\/a><\/td>\n<\/tr>\n<tr class=\"row-19\">\n\t<td class=\"column-1\">19.9.<\/td><td class=\"column-2\">Mikkeli Juoksu<\/td><td class=\"column-3\">Siirretty 3.7.2021<\/td><td class=\"column-4\"><a href=\"https:\/\/www.mikkelinklassikot.fi\/mikkelijuoksu\/\" rel=\"noopener noreferrer\" target=\"_blank\">Kotisivu<\/a><\/td>\n<\/tr>\n<tr class=\"row-20\">\n\t<td class=\"column-1\">26.9.<\/td><td class=\"column-2\">29. Terwamaraton<\/td><td class=\"column-3\"><a href=\"http:\/\/www.resultservice.fi\/2020\/oulu\/\" rel=\"noopener noreferrer\" target=\"_blank\">Tulokset<\/a><\/td><td class=\"column-4\"><a href=\"http:\/\/www.terwamaraton.fi\/\" rel=\"noopener noreferrer\" target=\"_blank\">Kotisivu<\/a><\/td>\n<\/tr>\n<tr class=\"row-21\">\n\t<td class=\"column-1\">3.10.<\/td><td class=\"column-2\">It\u00e4meri maraton, Hanko<\/td><td class=\"column-3\">Siirretty vuodella<\/td><td class=\"column-4\"><a href=\"http:\/\/itamerimaraton.com\/fi\/etusivu\" rel=\"noopener noreferrer\" target=\"_blank\">Kotisivu<\/a><\/td>\n<\/tr>\n<tr class=\"row-22\">\n\t<td class=\"column-1\">10.10.<\/td><td class=\"column-2\">Vantaan maraton<\/td><td class=\"column-3\"><a href=\"http:\/\/resultservice.fi\/2020\/vantaa\/\" rel=\"noopener noreferrer\" target=\"_blank\">Tulokset<\/a><\/td><td class=\"column-4\"><a href=\"http:\/\/www.vantaanmaraton.fi\/\" rel=\"noopener noreferrer\" target=\"_blank\">Kotisivu<\/a><\/td>\n<\/tr>\n<tr class=\"row-23\">\n\t<td class=\"column-1\">01.11.<\/td><td class=\"column-2\">Tuusula Trail Run<\/td><td class=\"column-3\"><a href=\"http:\/\/resultservice.fi\/tulos\/sivusto\/2020\/tuusula\/\" rel=\"noopener noreferrer\" target=\"_blank\">Tulokset<\/a><\/td><td class=\"column-4\"><a href=\"https:\/\/www.tvv.fi\/uutiset\/tuusula-trail-run\/\" rel=\"noopener noreferrer\" target=\"_blank\">Kotisivu<\/a><\/td>\n<\/tr>\n<\/tbody>\n<\/table>\n\n","protected":false},"author":1,"featured_media":0,"parent":0,"menu_order":0,"comment_status":"closed","ping_status":"closed","template":"","meta":{"_et_pb_use_builder":"on","_et_pb_old_content":"","_et_gb_content_width":"","footnotes":""},"class_list":["post-464","page","type-page","status-publish","hentry"],"_links":{"self":[{"href":"https:\/\/resultservice.fi\/index.php\/wp-json\/wp\/v2\/pages\/464","targetHints":{"allow":["GET"]}}],"collection":[{"href":"https:\/\/resultservice.fi\/index.php\/wp-json\/wp\/v2\/pages"}],"about":[{"href":"https:\/\/resultservice.fi\/index.php\/wp-json\/wp\/v2\/types\/page"}],"author":[{"embeddable":true,"href":"https:\/\/resultservice.fi\/index.php\/wp-json\/wp\/v2\/users\/1"}],"replies":[{"embeddable":true,"href":"https:\/\/resultservice.fi\/index.php\/wp-json\/wp\/v2\/comments?post=464"}],"version-history":[{"count":4,"href":"https:\/\/resultservice.fi\/index.php\/wp-json\/wp\/v2\/pages\/464\/revisions"}],"predecessor-version":[{"id":470,"href":"https:\/\/resultservice.fi\/index.php\/wp-json\/wp\/v2\/pages\/464\/revisions\/470"}],"wp:attachment":[{"href":"https:\/\/resultservice.fi\/index.php\/wp-json\/wp\/v2\/media?parent=464"}],"curies":[{"name":"wp","href":"https:\/\/api.w.org\/{rel}","templated":true}]}}