{"id":2753,"date":"2024-10-18T14:05:50","date_gmt":"2024-10-18T14:05:50","guid":{"rendered":"https:\/\/resultservice.fi\/?page_id=2753"},"modified":"2024-10-18T14:21:29","modified_gmt":"2024-10-18T14:21:29","slug":"2025-2","status":"publish","type":"page","link":"https:\/\/resultservice.fi\/index.php\/2025-2\/","title":{"rendered":"2025"},"content":{"rendered":"\n<table id=\"tablepress-10\" class=\"tablepress tablepress-id-10\">\n<thead>\n<tr class=\"row-1\">\n\t<td class=\"column-1\"><\/td><td class=\"column-2\"><\/td><td class=\"column-3\"><\/td><td class=\"column-4\"><\/td>\n<\/tr>\n<\/thead>\n<tbody class=\"row-striping row-hover\">\n<tr class=\"row-2\">\n\t<td class=\"column-1\">15.2.<\/td><td class=\"column-2\">Savonia hiihto perinteinen<\/td><td class=\"column-3\">Peruttu, ei lunta<\/td><td class=\"column-4\"><a href=\"https:\/\/www.mikkelinklassikot.fi\/savonia-hiihto\/\" rel=\"noopener\" target=\"_blank\">Kotisivu<\/a><\/td>\n<\/tr>\n<tr class=\"row-3\">\n\t<td class=\"column-1\">16.2<\/td><td class=\"column-2\">Savonia hiihto vapaa<\/td><td class=\"column-3\">Peruttu, ei lunta<\/td><td class=\"column-4\"><a href=\"https:\/\/www.mikkelinklassikot.fi\/savonia-hiihto\/\" rel=\"noopener\" target=\"_blank\">Kotisivu<\/a><\/td>\n<\/tr>\n<tr class=\"row-4\">\n\t<td class=\"column-1\">2.3.<\/td><td class=\"column-2\">69. Pirkan Hiihto<\/td><td class=\"column-3\">Peruttu, ei lunta<\/td><td class=\"column-4\"><a href=\"https:\/\/www.pirkankierros.fi\/pirkan-hiihto\/\" rel=\"noopener\" target=\"_blank\">Kotisivu<\/a><\/td>\n<\/tr>\n<tr class=\"row-5\">\n\t<td class=\"column-1\"><\/td><td class=\"column-2\"><\/td><td class=\"column-3\"><\/td><td class=\"column-4\"><\/td>\n<\/tr>\n<tr class=\"row-6\">\n\t<td class=\"column-1\">7-8.3.<\/td><td class=\"column-2\">Anjala 24h hiihto<\/td><td class=\"column-3\"><a href=\"https:\/\/resultservice.fi\/tulos\/sivusto\/2025\/24h_anjala\/\" rel=\"noopener\" target=\"_blank\">Tulokset<\/a><\/td><td class=\"column-4\"><a href=\"http:\/\/www.anjalanliitto.fi\/\" rel=\"noopener\" target=\"_blank\">Kotisivu<\/a><\/td>\n<\/tr>\n<tr class=\"row-7\">\n\t<td class=\"column-1\">15.3<\/td><td class=\"column-2\">Sis\u00e4soudun SM 6000m<\/td><td class=\"column-3\"><a href=\"https:\/\/resultservice.fi\/tulos\/sivusto\/2025\/sm6000m\/\" rel=\"noopener\" target=\"_blank\">Tulokset<\/a><\/td><td class=\"column-4\"><a href=\"https:\/\/anso.fi\/sisasoudun-sm-6000-m\/\" rel=\"noopener\" target=\"_blank\">Kotisivu<\/a><\/td>\n<\/tr>\n<tr class=\"row-8\">\n\t<td class=\"column-1\">07.4-11.4.<\/td><td class=\"column-2\">Lapponia-hiihto (Hetta-Pallas-Olos)<\/td><td class=\"column-3\"><a href=\"https:\/\/online4.tulospalvelu.fi\/tulokset-new\/fi\/2025_lapponia\/\" rel=\"noopener\" target=\"_blank\">Tulokset<\/a><\/td><td class=\"column-4\"><a href=\"https:\/\/www.lapponiahiihto.fi\/\" rel=\"noopener\" target=\"_blank\">Kotisivu<\/a><\/td>\n<\/tr>\n<tr class=\"row-9\">\n\t<td class=\"column-1\">26.4<\/td><td class=\"column-2\">Tuusulan j\u00e4rven maraton<\/td><td class=\"column-3\"><a href=\"https:\/\/online4.tulospalvelu.fi\/tulokset-new\/fi\/2025_tjm\/\" target=\"_blank\">Tulokset<\/a><\/td><td class=\"column-4\"><a href=\"https:\/\/tuusulanjarvenmaraton.fi\/\" rel=\"noopener\" target=\"_blank\">Kotisivu<\/a><\/td>\n<\/tr>\n<tr class=\"row-10\">\n\t<td class=\"column-1\">27.4.<\/td><td class=\"column-2\">L\u00e4nsiv\u00e4yl\u00e4 juoksu<\/td><td class=\"column-3\"><a href=\"https:\/\/online4.tulospalvelu.fi\/tulokset-new\/fi\/2025_lansi\/\" target=\"_blank\">Tulokset<\/a><\/td><td class=\"column-4\"><a href=\"https:\/\/www.lansivaylajuoksu.fi\/\" rel=\"noopener\" target=\"_blank\">Kotisivu<\/a><\/td>\n<\/tr>\n<tr class=\"row-11\">\n\t<td class=\"column-1\">5.5.<\/td><td class=\"column-2\">5 km event Helsinki<\/td><td class=\"column-3\"><a href=\"https:\/\/resultservice.fi\/tulos\/sivusto\/2025\/5km_event\/\" target=\"_blank\">Tulokset<\/a><\/td><td class=\"column-4\"><\/td>\n<\/tr>\n<tr class=\"row-12\">\n\t<td class=\"column-1\">10.5<\/td><td class=\"column-2\">VARKAUS PUOLIKAS<\/td><td class=\"column-3\"><a href=\"https:\/\/resultservice.fi\/tulos\/sivusto\/2025\/varkaus\/\" rel=\"noopener\" target=\"_blank\">Tulokset<\/a><\/td><td class=\"column-4\"><a href=\"https:\/\/varkkv.fi\/varkauspuolikas\" rel=\"noopener\" target=\"_blank\">Kotisivu<\/a><\/td>\n<\/tr>\n<tr class=\"row-13\">\n\t<td class=\"column-1\">24.5.<\/td><td class=\"column-2\">34. Terwamaraton<\/td><td class=\"column-3\"><a href=\"http:\/\/www.resultservice.fi\/2025\/terwa\/\" rel=\"noopener noreferrer\" target=\"_blank\">Tulokset<\/a><\/td><td class=\"column-4\"><a href=\"http:\/\/www.terwamaraton.fi\/\" rel=\"noopener noreferrer\" target=\"_blank\">Kotisivu<\/a><\/td>\n<\/tr>\n<tr class=\"row-14\">\n\t<td class=\"column-1\">1.6.<\/td><td class=\"column-2\">Varaus Ruukki<\/td><td class=\"column-3\"><a href=\"https:\/\/online4.tulospalvelu.fi\/tulokset-new\/fi\/2025_ruukki\/\" target=\"_blank\">Tulokset<\/a><\/td><td class=\"column-4\"><a href=\"https:\/\/www.japy.fi\/ruukki-triathlon\" target=\"_blank\">Kotisivu<\/a><\/td>\n<\/tr>\n<tr class=\"row-15\">\n\t<td class=\"column-1\">7.6.<\/td><td class=\"column-2\">Savonlinna City Run<\/td><td class=\"column-3\"><a href=\"http:\/\/www.resultservice.fi\/2025\/cityrun\/index.php\" rel=\"noopener\" target=\"_blank\">Tulokset<\/a><\/td><td class=\"column-4\"><a href=\"https:\/\/savonlinnacityrun.fi\/\" rel=\"noopener\" target=\"_blank\">Kotisivu<\/a><\/td>\n<\/tr>\n<tr class=\"row-16\">\n\t<td class=\"column-1\">8.6.<\/td><td class=\"column-2\">SM-k\u00e4vely Saarij\u00e4rvi<\/td><td class=\"column-3\"><a href=\"http:\/\/www.resultservice.fi\/2025\/smkavely\/index.php\" rel=\"noopener\" target=\"_blank\">Tulokset<\/a><\/td><td class=\"column-4\"><a href=\"https:\/\/www.pullistus.fi\/\" target=\"_blank\">Kotisivu<\/a><\/td>\n<\/tr>\n<tr class=\"row-17\">\n\t<td class=\"column-1\">13-15.6.<\/td><td class=\"column-2\">Mikkeli-Jukola<\/td><td class=\"column-3\"><\/td><td class=\"column-4\"><a href=\"https:\/\/jukola.com\/2025\/\" target=\"_blank\">Kotisivu<\/a><\/td>\n<\/tr>\n<tr class=\"row-18\">\n\t<td class=\"column-1\">5.7.<\/td><td class=\"column-2\">Mikkeli Juoksu<\/td><td class=\"column-3\"><a href=\"https:\/\/www.resultservice.fi\/2025\/mikkelijuoksu\/\" rel=\"noopener\" target=\"_blank\">Tulokset<\/a><\/td><td class=\"column-4\"><a href=\"https:\/\/www.mikkelinklassikot.fi\/mikkelijuoksu\/\" rel=\"noopener\" target=\"_blank\">Kotisivu<\/a><\/td>\n<\/tr>\n<tr class=\"row-19\">\n\t<td class=\"column-1\">7-12.7.<\/td><td class=\"column-2\">Suunnistuksen MM Kuopio<\/td><td class=\"column-3\"><\/td><td class=\"column-4\"><a href=\"https:\/\/www.woc2025.fi\/\" target=\"_blank\">Kotisivu<\/a><\/td>\n<\/tr>\n<tr class=\"row-20\">\n\t<td class=\"column-1\">18.7.??<\/td><td class=\"column-2\">Kes\u00e4illan kymppi<\/td><td class=\"column-3\"><a href=\"https:\/\/resultservice.fi\/2025\/kesailta\/\" rel=\"noopener\" target=\"_blank\">Tulokset<\/a><\/td><td class=\"column-4\"><a href=\"https:\/\/www.artjarvenahjo.fi\/kesaillankymppi\" rel=\"noopener\" target=\"_blank\">Kotisivu<\/a><\/td>\n<\/tr>\n<tr class=\"row-21\">\n\t<td class=\"column-1\">24.7.<\/td><td class=\"column-2\">Merip\u00e4iv\u00e4juoksu<\/td><td class=\"column-3\"><a href=\"https:\/\/resultservice.fi\/2025\/kotkameri\/\" rel=\"noopener\" target=\"_blank\">Tulokset<\/a><\/td><td class=\"column-4\"><a href=\"http:\/\/www.meripaivajuoksu.fi\/\" rel=\"noopener\" target=\"_blank\">Kotisivu<\/a><\/td>\n<\/tr>\n<tr class=\"row-22\">\n\t<td class=\"column-1\">3.8.<\/td><td class=\"column-2\">35. Finlandia-MAPEI MTB<\/td><td class=\"column-3\"><a href=\"https:\/\/resultservice.fi\/tulos\/sivusto\/2025\/finlandia\/\" rel=\"noopener noreferrer\" target=\"_blank\">Tulokset<\/a><\/td><td class=\"column-4\"><a href=\"https:\/\/www.twd.fi\/finlandia-mapei-mtb\/\" rel=\"noopener\" target=\"_blank\">Kotisivu<\/a><\/td>\n<\/tr>\n<tr class=\"row-23\">\n\t<td class=\"column-1\">9.8.<\/td><td class=\"column-2\">16. Luonteri py\u00f6r\u00e4ily<\/td><td class=\"column-3\"><a href=\"https:\/\/resultservice.fi\/tulos\/sivusto\/2025\/luonteri\/\" rel=\"noopener noreferrer\" target=\"_blank\">Tulokset<\/a><\/td><td class=\"column-4\"><a href=\"https:\/\/www.mikkelinklassikot.fi\/luonteri-pyoraily\/\" rel=\"noopener noreferrer\" target=\"_blank\">Kotisivu<\/a><\/td>\n<\/tr>\n<tr class=\"row-24\">\n\t<td class=\"column-1\">30.8<\/td><td class=\"column-2\">SIFRUN Siuntio<\/td><td class=\"column-3\"><a href=\"https:\/\/resultservice.fi\/tulos\/sivusto\/2025\/sifrun\/\" rel=\"noopener noreferrer\" target=\"_blank\">Tulokset<\/a><\/td><td class=\"column-4\"><a href=\"https:\/\/sif.fi\/sif-run-2024-2\/\" rel=\"noopener\" target=\"_blank\">Kotisivu<\/a><\/td>\n<\/tr>\n<tr class=\"row-25\">\n\t<td class=\"column-1\">31.8.<\/td><td class=\"column-2\">Tampere Marathon<\/td><td class=\"column-3\"><a href=\"https:\/\/resultservice.fi\/2025\/tammara\/\" rel=\"noopener noreferrer\" target=\"_blank\">Tulokset<\/a><\/td><td class=\"column-4\"><a href=\"https:\/\/www.tampereenmaratonklubi.com\/tamperemaraton\/\" rel=\"noopener\" target=\"_blank\">Kotisivu<\/a><\/td>\n<\/tr>\n<tr class=\"row-26\">\n\t<td class=\"column-1\">14.9.<\/td><td class=\"column-2\">Lassen H\u00f6lkk\u00e4<\/td><td class=\"column-3\"><a href=\"https:\/\/resultservice.fi\/2025\/lassen\/\" rel=\"noopener noreferrer\" target=\"_blank\">Tulokset<\/a><\/td><td class=\"column-4\"><a href=\"https:\/\/www.myrskylanmyrsky.fi\/\" rel=\"noopener\" target=\"_blank\">Kotisivu<\/a><\/td>\n<\/tr>\n<tr class=\"row-27\">\n\t<td class=\"column-1\">21.9.<\/td><td class=\"column-2\">Kullervon maraton<\/td><td class=\"column-3\"><a href=\"https:\/\/resultservice.fi\/2025\/kullervo\/\" rel=\"noopener noreferrer\" target=\"_blank\">Tulokset<\/a><\/td><td class=\"column-4\"><a href=\"https:\/\/joutsenonkullervo.yhdistysavain.fi\/kullervomaraton\/\" target=\"_blank\">Kotisivu<\/a><\/td>\n<\/tr>\n<tr class=\"row-28\">\n\t<td class=\"column-1\">27.9.<\/td><td class=\"column-2\">Punkaharjun Halkijuoksu<\/td><td class=\"column-3\"><a href=\"https:\/\/resultservice.fi\/2025\/halki\/\" rel=\"noopener noreferrer\" target=\"_blank\">Tulokset<\/a><\/td><td class=\"column-4\"><a href=\"https:\/\/www.harjunportti.fi\/fi\/tapahtumat\/halkijuoksu\/\" target=\"_blank\">Kotisivu<\/a><\/td>\n<\/tr>\n<tr class=\"row-29\">\n\t<td class=\"column-1\">4.10<\/td><td class=\"column-2\">It\u00e4meri maraton, Hanko<br \/>\nResultSalo hoitaa<\/td><td class=\"column-3\"><a href=\"https:\/\/resultservice.fi\/tulos\/sivusto\/2025\/itameri\/\" target=\"_blank\">Tulokset<\/a><\/td><td class=\"column-4\"><a href=\"http:\/\/itamerimaraton.com\/fi\/etusivu\" rel=\"noopener noreferrer\" target=\"_blank\">Kotisivu<\/a><\/td>\n<\/tr>\n<tr class=\"row-30\">\n\t<td class=\"column-1\">4.10.<\/td><td class=\"column-2\">Vantaan maraton<\/td><td class=\"column-3\"><a href=\"https:\/\/resultservice.fi\/2025\/vantaa\/\" rel=\"noopener noreferrer\" target=\"_blank\">Tulokset<\/a><\/td><td class=\"column-4\"><a href=\"http:\/\/www.vantaanmaraton.fi\/\" rel=\"noopener noreferrer\" target=\"_blank\">Kotisivu<\/a><\/td>\n<\/tr>\n<tr class=\"row-31\">\n\t<td class=\"column-1\"><\/td><td class=\"column-2\"><\/td><td class=\"column-3\"><\/td><td class=\"column-4\"><\/td>\n<\/tr>\n<\/tbody>\n<\/table>\n","protected":false},"excerpt":{"rendered":"","protected":false},"author":1,"featured_media":0,"parent":0,"menu_order":0,"comment_status":"closed","ping_status":"closed","template":"","meta":{"_et_pb_use_builder":"off","_et_pb_old_content":"","_et_gb_content_width":"","footnotes":""},"class_list":["post-2753","page","type-page","status-publish","hentry"],"_links":{"self":[{"href":"https:\/\/resultservice.fi\/index.php\/wp-json\/wp\/v2\/pages\/2753","targetHints":{"allow":["GET"]}}],"collection":[{"href":"https:\/\/resultservice.fi\/index.php\/wp-json\/wp\/v2\/pages"}],"about":[{"href":"https:\/\/resultservice.fi\/index.php\/wp-json\/wp\/v2\/types\/page"}],"author":[{"embeddable":true,"href":"https:\/\/resultservice.fi\/index.php\/wp-json\/wp\/v2\/users\/1"}],"replies":[{"embeddable":true,"href":"https:\/\/resultservice.fi\/index.php\/wp-json\/wp\/v2\/comments?post=2753"}],"version-history":[{"count":5,"href":"https:\/\/resultservice.fi\/index.php\/wp-json\/wp\/v2\/pages\/2753\/revisions"}],"predecessor-version":[{"id":2760,"href":"https:\/\/resultservice.fi\/index.php\/wp-json\/wp\/v2\/pages\/2753\/revisions\/2760"}],"wp:attachment":[{"href":"https:\/\/resultservice.fi\/index.php\/wp-json\/wp\/v2\/media?parent=2753"}],"curies":[{"name":"wp","href":"https:\/\/api.w.org\/{rel}","templated":true}]}}