{"id":2539,"date":"2022-04-21T06:53:47","date_gmt":"2022-04-21T06:53:47","guid":{"rendered":"https:\/\/resultservice.fi\/?page_id=2539"},"modified":"2022-04-21T18:01:54","modified_gmt":"2022-04-21T18:01:54","slug":"2022_tjm","status":"publish","type":"page","link":"https:\/\/resultservice.fi\/index.php\/2022_tjm\/","title":{"rendered":"Tuusulanj\u00e4rven maraton"},"content":{"rendered":"<p><b>Tuusulanj\u00e4rven maraton 23.04.2022<\/b><\/p>\n<h3 style=\"font-family: Montserrat, sans-serif; color: #474747;\">Tulossivut<\/h3>\n<h4 style=\"text-align: center;\"><strong>Tervetuloa tulossivuille.\u00a0<\/strong><\/h4>\n<p style=\"text-align: center;\"><b style=\"font-size: 18px;\">T\u00e4\u00e4lt\u00e4 l\u00f6ytyv\u00e4t l\u00e4ht\u00f6listat, tulokset sek\u00e4 lis\u00e4palveluihin liittyv\u00e4t asiat ja linkit.<\/b><\/p>\n<h5 style=\"text-align: center;\">Ajankohtaista:<\/h5>\n<h4 style=\"text-align: center;\"><strong>\u00a0-Tulossivut on avattu. \u00a0<\/strong><\/h4>\n<h4 style=\"text-align: center;\"><strong>\u00a0-ONLINE linkki avattu<\/strong><\/h4>\n<p style=\"text-align: center;\"><b style=\"font-size: 18px;\">Tulokset ja Online-seuranta:\u00a0<\/b><\/p>\n<p style=\"text-align: center;\"><a style=\"font-size: 18px; color: #0000ff;\" href=\"https:\/\/online4.tulospalvelu.fi\/tulokset-new\/fi\/2022_tjm\/\" target=\"_blank\" rel=\"noopener\">Online-tulokset<\/a>\u00a0(my\u00f6s l\u00e4ht\u00f6luettelot)<\/p>\n<h4 style=\"text-align: center;\"><a style=\"color: #0000ff;\" href=\"https:\/\/www.resultservice.fi\/2022\/tjm\/maraton.html\" target=\"_blank\" rel=\"noopener\" data-wplink-edit=\"true\">Tulokset, Maraton<\/a><\/h4>\n<h4 style=\"text-align: center;\"><a style=\"color: #0000ff;\" href=\"https:\/\/www.resultservice.fi\/2022\/tjm\/puolikas.html\" target=\"_blank\" rel=\"noopener\">Tulokset, Puolikas<\/a><\/h4>\n<h4 style=\"text-align: center;\"><a style=\"color: #0000ff;\" href=\"https:\/\/www.resultservice.fi\/2022\/tjm\/kymppi.html\" target=\"_blank\" rel=\"noopener\">Tulokset, Kymppi<\/a><\/h4>\n<h4 style=\"text-align: center;\"><a style=\"color: #0000ff;\" href=\"https:\/\/www.resultservice.fi\/2022\/tjm\/vitonen.html\" target=\"_blank\" rel=\"noopener\">Tulokset, Vitonen<\/a><\/h4>\n<p>Tuloksia koskevat tiedustelut s\u00e4hk\u00f6postitse\u00a0<a style=\"font-size: 18px;\" href=\"mailto:tulos.palaute@gmail.com\" target=\"_blank\" rel=\"noopener\">tulos.palaute@gmail.com<\/a>.\u00a0<br \/>\nKiireelliset tulosasiat\u00a0<br \/>\nGSM +358-400-550801.<\/p>\n<h1 style=\"text-align: center;\">Tulokset tarjoilee &#8211; Results by:<\/h1>\n<h1 style=\"text-align: center;\"><em><strong>Result Service Finland Oy<\/strong><\/em><\/h1>\n","protected":false},"excerpt":{"rendered":"<p>Tuusulanj\u00e4rven maraton 23.04.2022 Tulossivut Tervetuloa tulossivuille.\u00a0 T\u00e4\u00e4lt\u00e4 l\u00f6ytyv\u00e4t l\u00e4ht\u00f6listat, tulokset sek\u00e4 lis\u00e4palveluihin liittyv\u00e4t asiat ja linkit. Ajankohtaista: \u00a0-Tulossivut on avattu. \u00a0 \u00a0-ONLINE linkki avattu Tulokset ja Online-seuranta:\u00a0 Online-tulokset\u00a0(my\u00f6s l\u00e4ht\u00f6luettelot) Tulokset, Maraton Tulokset, Puolikas Tulokset, Kymppi Tulokset, Vitonen Tuloksia koskevat tiedustelut s\u00e4hk\u00f6postitse\u00a0tulos.palaute@gmail.com.\u00a0 Kiireelliset tulosasiat\u00a0 GSM +358-400-550801. Tulokset tarjoilee &#8211; Results by: Result Service Finland Oy<\/p>\n","protected":false},"author":1,"featured_media":0,"parent":0,"menu_order":0,"comment_status":"closed","ping_status":"closed","template":"","meta":{"_et_pb_use_builder":"","_et_pb_old_content":"","_et_gb_content_width":"1080","footnotes":""},"class_list":["post-2539","page","type-page","status-publish","hentry"],"_links":{"self":[{"href":"https:\/\/resultservice.fi\/index.php\/wp-json\/wp\/v2\/pages\/2539","targetHints":{"allow":["GET"]}}],"collection":[{"href":"https:\/\/resultservice.fi\/index.php\/wp-json\/wp\/v2\/pages"}],"about":[{"href":"https:\/\/resultservice.fi\/index.php\/wp-json\/wp\/v2\/types\/page"}],"author":[{"embeddable":true,"href":"https:\/\/resultservice.fi\/index.php\/wp-json\/wp\/v2\/users\/1"}],"replies":[{"embeddable":true,"href":"https:\/\/resultservice.fi\/index.php\/wp-json\/wp\/v2\/comments?post=2539"}],"version-history":[{"count":29,"href":"https:\/\/resultservice.fi\/index.php\/wp-json\/wp\/v2\/pages\/2539\/revisions"}],"predecessor-version":[{"id":2583,"href":"https:\/\/resultservice.fi\/index.php\/wp-json\/wp\/v2\/pages\/2539\/revisions\/2583"}],"wp:attachment":[{"href":"https:\/\/resultservice.fi\/index.php\/wp-json\/wp\/v2\/media?parent=2539"}],"curies":[{"name":"wp","href":"https:\/\/api.w.org\/{rel}","templated":true}]}}